{"id":2,"date":"2016-05-10T03:48:21","date_gmt":"2016-05-10T03:48:21","guid":{"rendered":"http:\/\/wp452m.a10-52-158-154.qa.plesk.ru\/wordpress\/?page_id=2"},"modified":"2019-11-28T08:37:45","modified_gmt":"2019-11-28T08:37:45","slug":"sample-page","status":"publish","type":"page","link":"https:\/\/www.toller-casimir.de\/?page_id=2","title":{"rendered":"In Memory"},"content":{"rendered":"<h2>Bobby<\/h2>\n<p>Meinen ersten Hund bekam ich als reinrassigen Mischling. Mit der Zeit stellte sich heraus, dass er sehr viel von einem Nova Scotia Duck Tolling Retriever hatte. Da er allerdings zu klein war, kamen mehrere Meinungen zusammen \u00fcber eine eventuelle Mischung, aber da sich daf\u00fcr keine Anhaltspunkte ergaben, war es wohl entweder ein Montagsmodell oder er hatte CHO, was die Kleinw\u00fcchsigkeit erkl\u00e4ren w\u00fcrde.<br \/>\nIch habe mir jetzt ein paar Toller angeschaut und alles an Bobby war, wie bei einem reinrassigen Toller. (Diese Meinung vertritt im \u00fcbrigen auch ein guter Freund, der Bobby sehr gut kannte, sich mit Hunden sehr gut auskennt und mit mir Toller anschauen war.)<\/p>\n<div id=\"attachment_5\" style=\"width: 310px\" class=\"wp-caption alignnone\"><img loading=\"lazy\" decoding=\"async\" aria-describedby=\"caption-attachment-5\" class=\"wp-image-5 size-medium\" src=\"http:\/\/nsdtr.lany-online.net\/wp-content\/uploads\/2016\/11\/61415_4487276879169_352792826_n-300x201.jpg\" alt=\"61415_4487276879169_352792826_n\" width=\"300\" height=\"201\" srcset=\"https:\/\/www.toller-casimir.de\/wp-content\/uploads\/2016\/11\/61415_4487276879169_352792826_n-300x201.jpg 300w, https:\/\/www.toller-casimir.de\/wp-content\/uploads\/2016\/11\/61415_4487276879169_352792826_n.jpg 448w\" sizes=\"auto, (max-width: 300px) 100vw, 300px\" \/><p id=\"caption-attachment-5\" class=\"wp-caption-text\">Bobby mit 9 Monaten<\/p><\/div>\n<div id=\"attachment_6\" style=\"width: 310px\" class=\"wp-caption alignnone\"><img loading=\"lazy\" decoding=\"async\" aria-describedby=\"caption-attachment-6\" class=\"wp-image-6 size-medium\" src=\"http:\/\/nsdtr.lany-online.net\/wp-content\/uploads\/2016\/11\/555778_2910679585222_789451765_n-300x200.jpg\" alt=\"555778_2910679585222_789451765_n\" width=\"300\" height=\"200\" srcset=\"https:\/\/www.toller-casimir.de\/wp-content\/uploads\/2016\/11\/555778_2910679585222_789451765_n-300x200.jpg 300w, https:\/\/www.toller-casimir.de\/wp-content\/uploads\/2016\/11\/555778_2910679585222_789451765_n-768x512.jpg 768w, https:\/\/www.toller-casimir.de\/wp-content\/uploads\/2016\/11\/555778_2910679585222_789451765_n.jpg 808w\" sizes=\"auto, (max-width: 300px) 100vw, 300px\" \/><p id=\"caption-attachment-6\" class=\"wp-caption-text\">Bobby mit 12 Jahren<\/p><\/div>\n<p>Ich durfte ihn 13 Jahre lang begleiten, habe ihn zum Schluss gepflegt und alles getan, was mir nur m\u00f6glich war, aber am 9.11.2015 musste ich ihn gehen lassen. Aber er wird auf immer in meinem Herzen sein.<\/p>\n","protected":false},"excerpt":{"rendered":"<p>Bobby Meinen ersten Hund bekam ich als reinrassigen Mischling. Mit der Zeit stellte sich heraus, dass er sehr viel von einem Nova Scotia Duck Tolling Retriever hatte. Da er allerdings zu klein war, kamen mehrere Meinungen zusammen \u00fcber eine eventuelle Mischung, aber da sich daf\u00fcr keine Anhaltspunkte ergaben, war es wohl entweder ein Montagsmodell oder er hatte CHO, was die<\/p>\n","protected":false},"author":1,"featured_media":0,"parent":0,"menu_order":0,"comment_status":"closed","ping_status":"open","template":"","meta":{"footnotes":""},"class_list":["post-2","page","type-page","status-publish","hentry"],"_links":{"self":[{"href":"https:\/\/www.toller-casimir.de\/index.php?rest_route=\/wp\/v2\/pages\/2","targetHints":{"allow":["GET"]}}],"collection":[{"href":"https:\/\/www.toller-casimir.de\/index.php?rest_route=\/wp\/v2\/pages"}],"about":[{"href":"https:\/\/www.toller-casimir.de\/index.php?rest_route=\/wp\/v2\/types\/page"}],"author":[{"embeddable":true,"href":"https:\/\/www.toller-casimir.de\/index.php?rest_route=\/wp\/v2\/users\/1"}],"replies":[{"embeddable":true,"href":"https:\/\/www.toller-casimir.de\/index.php?rest_route=%2Fwp%2Fv2%2Fcomments&post=2"}],"version-history":[{"count":10,"href":"https:\/\/www.toller-casimir.de\/index.php?rest_route=\/wp\/v2\/pages\/2\/revisions"}],"predecessor-version":[{"id":1810,"href":"https:\/\/www.toller-casimir.de\/index.php?rest_route=\/wp\/v2\/pages\/2\/revisions\/1810"}],"wp:attachment":[{"href":"https:\/\/www.toller-casimir.de\/index.php?rest_route=%2Fwp%2Fv2%2Fmedia&parent=2"}],"curies":[{"name":"wp","href":"https:\/\/api.w.org\/{rel}","templated":true}]}}